uppose p + 7 = -18. Let m = 17 - p. Suppose 0 = 5*h - 6*h + 5*s + 1, 4*h - m = s. Calculate the remainder when 21 is divided by h.
10
Suppose 5*g + 2 = 12, 60 = 2*k - 2*g. Calculate the remainder when 127 is divided by k.
31
Let u = -70 - -134. Let s = u + 5. Suppose 4*v - 64 = -2*n, n - 15 = -4*v + 25. What is the remainder when s is divided by n?
21
Calculate the remainder when 3*(-3)/(27/(-909)) is divided by 9.
6
Suppose -173 = -5*g + 147. Let j = -46 + g. Calculate the remainder when j is divided by 5.
3
Let v = -273 - -395. What is the remainder when v is divided by (-9074)/(-221) - (-1)/(-17)?
40
What is the remainder when (8/(-16))/((-6)/744) is divided by 32?
30
Suppose 3*j = -3*i + 27, -i + 3*j = 2*i + 3. Calculate the remainder when (0 - 1/(-4)) + 243/i is divided by 32.
29
Suppose 4*c - 18 = 2. Suppose -c*u - 84 = -9*u. Calculate the remainder when 62 is divided by u.
20
Let y(d) = 52*d - 2. Let v be y(-1). Let j = v - -74. Calculate the remainder when j is divided by 12.
8
Suppose 350 = 2*g - 2*o, -5*o + o - 874 = -5*g. What is the remainder when g is divided by 22?
20
Let u = -146 + 63. Let b = u - -93. Calculate the remainder when 25 is divided by b.
5
Let w be 2/(-5) + (-996)/10. Let v = w + 146. Suppose -308*u - 3*d + 7 = -307*u, -u - d = -13. What is the remainder when v is divided by u?
14
Let p be (-237)/(-9) - (-2)/3. Let h be 1078/176 + 1/(-8). What is the remainder when 31 is divided by h/(-4)*(-198)/p?
9
Suppose 0*u + 71 = u. What is the remainder when u is divided by 9?
8
Suppose 2*f - 6 = 0, -5*p + 0*f = f - 3. Suppose p = 11*r - 7*r - 44. Calculate the remainder when r is divided by 4/(-10) + 34/10.
2
Calculate the remainder when 1044 is divided by (-1)/(4/6)*(-660)/18.
54
Suppose 0 = -5*z - 13*z + 828. Suppose -1 = -o + 11. What is the remainder when z is divided by o?
10
Suppose 1170 = -17*j + 43*j. What is the remainder when j is divided by 37?
8
Suppose -38 = j - 254. Suppose -4*f + j = -116. Suppose -65 - f = -4*t. What is the remainder when t is divided by 10?
7
Let h = 46 - 28. What is the remainder when 85 is divided by h?
13
Let w = 9 + -9. Suppose w = -2*g, 5*g = f + 6 + 11. Let j = 39 + f. Calculate the remainder when 64 is divided by j.
20
Suppose 5*k - 11 = -76. Let d = k - -15. Suppose 0 = 4*w - w + 2*x - 65, -d*x = 4*w - 84. Calculate the remainder when 73 is divided by w.
16
Let x be (-152)/(-7) - 28/(-98). Let p = x - 11. Let n = 60 - 40. Calculate the remainder when n is divided by p.
9
Let r = 60 + -34. Calculate the remainder when (20/(-210)*-7)/((-8)/(-1164)) is divided by r.
19
Let q = -19 + -7. Let o = 44 + q. Let r = o - 13. Calculate the remainder when r is divided by 3.
2
Let z be 53 + ((-5)/(-5) - -2). Let t = -36 + z. What is the remainder when 56 is divided by t?
16
Calculate the remainder when -7 - (-7 - 7) - -200 is divided by 24.
15
Let y(t) = -9 + t + 1 + 32. Calculate the remainder when y(-10) is divided by 10.
4
Let i(a) = -2*a**2 + 22*a - 21. Let r(j) = 7*j**2 - 2*j + 3. What is the remainder when r(2) is divided by i(9)?
12
Suppose 14 + 36 = 5*z. Let q(l) = -l**2 - 13*l + 6. What is the remainder when q(-11) is divided by z?
8
Let k be 2/5 - 3760/(-100). Let v = 47 - k. What is the remainder when 14 is divided by v?
5
Calculate the remainder when 288 is divided by (-8)/18 - ((-46)/(-18) - 8).
3
Let u(l) = 2*l**2 - 87*l + 228. Calculate the remainder when 218 is divided by u(41).
11
Let f(p) = 4*p - 2*p - 6*p - 7. Let y(u) = 3*u + 49. Let a be y(-20). Calculate the remainder when f(a) is divided by 20.
17
Suppose 4 = c - 24. Let p = 14 + -8. Suppose 2*y - p*y = -44. What is the remainder when c is divided by y?
6
Let f(t) = -t**2 + 7*t + 51. What is the remainder when 202 is divided by f(7)?
49
Let p(r) = -r**3 + 4*r**2 + 6*r - 10. Calculate the remainder when 54 is divided by p(4).
12
Let x(s) = 10*s**2 + 9*s + 11. Calculate the remainder when x(5) is divided by 28.
26
Calculate the remainder when 251 is divided by (-3)/(-5) + (-411)/(-15).
27
Let o(d) = -7*d + 4. Let s = -8 - -5. Suppose -4*k = -638 + 250. Calculate the remainder when k is divided by o(s).
22
Calculate the remainder when 521 is divided by (-34 + 5)*3/(-3)*1.
28
Let s(a) = -10*a + 1. Let k = -42 + 9. Let n = k - -31. Calculate the remainder when 83 is divided by s(n).
20
Let k(f) = -f + 3. Let t be ((-10)/(-6))/(3/9). Suppose 0 = -t*d + 2*g + 3*g, 0 = 3*g - 9. Calculate the remainder when k(0) is divided by d.
0
Suppose 21451 = 31*u - 11967. Calculate the remainder when u is divided by 60.
58
Let i(b) = 4*b**2 - 26*b + 73. Calculate the remainder when i(5) is divided by 23.
20
Suppose -2*v - 5*o = 13, -4*v - 4*o = 5 + 3. Calculate the remainder when (-450)/(-25) + 5/v is divided by (-75)/(-6) - 1/(-2).
10
Let z(b) = b**3 - 4*b**2 - 22*b + 16. Suppose p + 3*q = -23, 0*q = -4*p + 2*q - 50. What is the remainder when z(7) is divided by 1/(-2)*p + -2?
4
What is the remainder when ((-3)/(30/(-2650)))/1 is divided by 17?
10
Suppose i - 6*i = -4*k + 29, -3*i = 5*k - 27. Suppose 0 = -k*r + 19 + 5. Let g(x) = -5*x - 5. What is the remainder when g(-4) is divided by r?
3
Suppose -r + 136 = 3*i - 128, 0 = 5*r - i - 1320. What is the remainder when r is divided by 53?
52
Suppose 0 = 3*d + 4*a - 8, d + 8 = -5*a + a. What is the remainder when 61 is divided by d?
5
Suppose -s + 21 = -5. Suppose -s + 4 = -11*y. What is the remainder when 2 is divided by y?
0
What is the remainder when 2*(1 - 740/(-8)) is divided by 48?
43
Suppose 2*x + 3*x = 385. What is the remainder when x is divided by (-1 - (-3)/9) + 80/3?
25
Let h(r) = -2*r**3 - 20*r**2 - 2*r + 8. What is the remainder when 81 is divided by h(-10)?
25
Let q be 2/(-4)*(-4)/1. Suppose -3*k + 294 = 6*y - y, q*y = 2*k - 180. Let b = 1423 + -1391. What is the remainder when k is divided by b?
29
Suppose 4*a + 44 = 4*s, 51 = -8*s + 13*s - 4*a. Calculate the remainder when 54 is divided by s.
5
Let g(c) = 2*c**2 - c - 5. Let s = 75 + -80. What is the remainder when g(s) is divided by 15?
5
Suppose -5 = 4*n - 9*m, -2*m + 5 = 3*n - 0*n. Calculate the remainder when 4 is divided by n.
0
Calculate the remainder when 63 is divided by 19 - 1 - (-22 + 17).
17
Suppose -3*g - 9 = 0, 0*g = 3*p - 3*g - 135. Suppose 0*m = -3*m + p. Let n = 10 - -16. Calculate the remainder when n is divided by m.
12
Let z be (-21*2/24)/(1/20). Let k = z - -51. Calculate the remainder when 46 is divided by k.
14
Let o(r) = -r - 8. Let y be o(-8). Suppose z - 29 = -y*z. What is the remainder when 114 is divided by z?
27
Let s(z) = -z**3 + 16*z**2 - 14*z + 7. What is the remainder when s(15) is divided by (-74)/(-10) + -1*4/10?
1
Suppose 2*v + 2*v - 11 = -h, 0 = 4*v + 5*h + 9. Suppose -v*y + 77 = n, 7*y - 3*y + 5*n - 81 = 0. What is the remainder when 35 is divided by y?
16
Let r = 209 - 196. What is the remainder when 84 is divided by r?
6
Let x(n) be the second derivative of -8*n + 1/3*n**3 + 0 + 2*n**2. What is the remainder when 59 is divided by x(8)?
19
Suppose -4*h + 5*j = -1047, -2*h - 2*j + 202 = -326. What is the remainder when h is divided by 68?
59
Suppose 76*t - 73*t - 582 = 0. What is the remainder when t is divided by 20?
14
Let p = 16 + -5. Suppose -5*f + 39 = -p. Let v = f + -6. Calculate the remainder when 13 is divided by v.
1
Suppose -3*c - 2*c - 45 = -5*q, 3*q - 26 = 4*c. Let a = 10 - -61. Suppose 4*y = 3*w + a, 2*w + 3 = 1. Calculate the remainder when y is divided by q.
7
Suppose 3*j - 500 = -p + 3*p, 5*j = -p + 842. What is the remainder when j is divided by 46?
30
Suppose 2*v - 66 - 104 = 0. Suppose 0 = 5*i + 5*d - v, -3*i + 2*d = 2*i - 85. Calculate the remainder when 67 is divided by i.
16
Suppose 3*m - 24 = -81. Let z = 5 - m. Suppose 3*t - 47 = -4*k, 2*k - 66 = -4*t - 10. What is the remainder when z is divided by t?
11
Let d = 10 - 7. Suppose 32 = -2*y + 24, -3*z = 5*y + 2. What is the remainder when z is divided by d?
0
Calculate the remainder when 56 is divided by (-6)/(-39) + 4 + 876/52.
14
Suppose -2*h = k - 27, -4*k = -4*h + h + 35. Suppose 0 = 3*i - h - 11. What is the remainder when 15 is divided by i?
7
Let y(x) = -x**2 + 9*x - 14. Let v be 12/(-5) + (-8)/(-20). Calculate the remainder when (5 + -12)/(1/v) is divided by y(6).
2
Calculate the remainder when 262 is divided